- 1. Calculate b(l).
-6
Let n(l) = l - 6. Let h = 1 + 1. Suppose -h*z = 3*z - 10. Let y be 7 - (2 - (-2 + z)). Give n(y).
-1
Suppose 4*i + c - 2*c - 1160 = 0, -3*i + 865 = -2*c. Let y(f) = -145 - 146 + i - 4*f**2. Let j(n) = -n**2 - 2*n + 2. Let p be j(-3). Give y(p).
-4
Let c be 1*(27/(-9) - -8). Let f(j) = -2*j**2 + 11*j - 8. What is f(c)?
-3
Let j(l) be the third derivative of -l**5/60 + l**4/24 + 5*l**3 + 443*l**2. What is j(6)?
0
Let o be 1/(-4) - 35/(-28). Let b(q) = -3 - o + q + 0. Suppose -4*f - 3 = -5*f. Calculate b(f).
-1
Suppose -l = 2*l + 6, 0 = 3*j + 2*l + 16. Let s(i) = -7*i. Let f(d) = d. Let x(y) = 40*f(y) + 5*s(y). Give x(j).
-20
Suppose 8*i + 12 = 4*i. Let p be (1 - (-6)/i)/(-1). Let c(f) = 4 + p + f + f + 0. Calculate c(-6).
-7
Let a(u) be the third derivative of u**5/60 - u**4/4 + 5*u**3/6 + 134*u**2. What is a(5)?
0
Let f be (-9)/(-3) - 10/2. Let m(p) = 15*p + 4. Let q be m(f). Let h = q - -20. Let n(o) = 2*o - 1. What is n(h)?
-13
Let u(t) = -2*t**2 + 2*t. Suppose -2*f + 144 = 140. What is u(f)?
-4
Let c(i) = 2 - 6*i + 6*i - 3*i + 6*i**2 - i**3 + 2*i. Determine c(6).
-4
Suppose -4*h + 2 = -10. Let o be (h - 8) + (1 - 1). Let c(k) = 28*k**2 + 2*k - 91*k**2 + 31*k**2 + 4*k + 33*k**2 + 3. Calculate c(o).
-2
Let x(o) = -o**3 + o**2 + 8. Suppose 4*k - 10 - 46 = 0. Suppose 4*n - 46 = -k. Suppose -4*p - 4 - 4 = -3*u, 4*p = 2*u - n. What is x(u)?
8
Let y(p) = -p**3 - p**2 + p + 1. Suppose 3*x + 6*b - 10*b + 22 = 0, 2*x - b = -8. Calculate y(x).
3
Let r(n) be the first derivative of n**4/3 + n**2/2 - 22*n + 21. Let p(g) be the first derivative of r(g). Give p(-1).
5
Let q(l) = -3*l + 2. Suppose 66 = -4*r + 2. Let d(o) = -o**2 - 19*o - 44. Let x be d(r). What is q(x)?
-10
Let f = -8 + 9. Let s(m) be the second derivative of -m**5/120 + m**4/24 + m**3/6 - 8*m. Let p(b) be the second derivative of s(b). Calculate p(f).
0
Suppose -2*a - a + 5*z = -35, 5*a - 13 = -3*z. Suppose -51 + 11 = -20*h. Let n(u) = h*u**3 + u - 38*u**2 + 0 + 43*u**2 - 7 - 3*u**3. Calculate n(a).
-2
Let h = -3 - -6. Suppose s = -4*p + 15, -2*p - s + h + 2 = 0. Let f(l) = -p - 1 + 3 - 7*l + l**2. Calculate f(7).
-3
Let t(d) = -43 + 3*d - 55 + 136 - 47. Calculate t(3).
0
Suppose 6*i - 2*i - 4 = 0. Let g(z) = 5 + i + z - 6. What is g(6)?
6
Let b(c) = -9*c**2 - 1 + 29*c**2 - c**3 - 14*c**2 + 9*c - 13*c**2. Determine b(-8).
-9
Let n(c) = -c**2 - 2*c + 2. Let t(b) = b - 1. Let r(s) = n(s) + 3*t(s). Suppose -2*v - 40 = -10*v. Determine r(v).
-21
Let u(q) be the second derivative of 1/12*q**4 + 25*q + 0 - 3/2*q**3 - 5/2*q**2. Give u(9).
-5
Let p(f) = -4*f + 10. Let y(h) = h - 6. Let g(j) = -3*p(j) - 5*y(j). Give g(2).
14
Let j(w) = 3*w**2 - 3*w - 5. Let b = 1737 + -1732. What is j(b)?
55
Let m(y) = -y**3 + 4*y**2 + 2*y + 5. Suppose -7*g = -4*g - 12, 0 = 2*q + 5*g - 8. Let o be ((-20)/8)/(3/q). Determine m(o).
-10
Let r = 2 - -1. Suppose -3 + 0 = -r*h. Let n(g) = 2*g + 1 - h + g. Determine n(1).
3
Suppose 56 = 4*q + 12. Let n = q + -11. Let w(l) be the first derivative of l**2/2 - 3*l - 1. Give w(n).
-3
Let k be 2/(-3) + 1 + ((-1550)/(-30) - 50). Let m(o) = 3*o**2 - 2*o + 3*o**2 - 3*o**2 + 3. What is m(k)?
11
Let i(n) = -723374*n + 723359*n + 4*n**2 - 2*n**2 + 2. Calculate i(7).
-5
Let h(i) be the third derivative of i**6/120 + i**5/15 + i**4/12 + 5*i**3/6 + 2*i**2 + 25. Determine h(-3).
8
Let h(a) = a + 7. Let m = -634 + 621. What is h(m)?
-6
Let g = 245 + -238. Let k(x) = x**3 - 8*x**2 + 2*x + 7. What is k(g)?
-28
Let z be (-3)/(-2 + 7/2). Let i be ((-6)/4)/(1/z). Let g(o) = -119*o + 7. Let k(f) = 158*f - 8. Let x(c) = -4*g(c) - 3*k(c). What is x(i)?
2
Let t(k) = k**2 + 10*k - 5. Let q(f) = -f**3 - 30*f**2 - 29*f - 6. Let s be q(-29). Determine t(s).
-29
Let c(h) = -9*h + 13. Let t be c(2). Let v(y) = -y**3 - 5*y**2 - y - 5. What is v(t)?
0
Let s(z) be the first derivative of 1/3*z**3 + 15 + 4*z + 2*z**2. Give s(-4).
4
Let u(l) be the third derivative of l**6/120 - l**4/8 + l**3/6 + 494*l**2. Let m(x) = x**3 + 6*x**2 + 2. Let q be m(-6). Determine u(q).
3
Let y = -728 + 725. Let v(j) = 3*j + 7. What is v(y)?
-2
Let z(x) = 2*x - 3. Let t(a) = a**3 - 6*a**2 + 5*a. Let s be t(5). Suppose 2*o = -2*o + 16. Suppose r + s*r = -o. Give z(r).
-11
Let h(z) = -6*z**3 - z**2 + z - 1. Suppose 3*o = o + 12. Suppose -a = 5*a - o. Give h(a).
-7
Let m(o) be the first derivative of 7 + 2*o - 3*o**2 + 1 + 5*o**2 - 3*o**2. Calculate m(-3).
8
Let j(x) = 8*x**2 - 80*x - 3. Let g be j(10). Let p(n) = 3*n**2 - 4*n - 3. Give p(g).
36
Let h = 30 + -37. Let g(p) = -p**3 - 6*p**2 + 8*p + 6. Let w be g(h). Let s(d) = 3*d**3. Determine s(w).
-3
Let s(v) be the first derivative of -v**3/3 + v + 123. Give s(2).
-3
Let o(p) = -5*p - 7. Suppose 0 = -2*j + 3*l - 1, 5*l - 31 = -11*j + 7*j. Give o(j).
-27
Suppose 19*q + 70 = -16*q. Let l(n) = 2*n + 1. Calculate l(q).
-3
Let t(p) be the first derivative of p**2/2 + 2*p + 1. Suppose 7*c - 28 = -0*c. Let g = -8 + c. Give t(g).
-2
Let b(c) be the second derivative of -3*c**4/4 - c**2/2 - 6*c. Suppose d - 2 = -3*x, -5*x + 3 - 5 = -d. Suppose -d*m + 1 = -1. Determine b(m).
-10
Let c be 7/7 + -4 - 22/(-2). Let x(w) = 4 + 6*w**2 + 5 - c. Determine x(-1).
7
Let g = -11 - -11. Let v(u) = 5*u + g - 2*u - 1 - 5*u. Let i = -10 - -5. Determine v(i).
9
Let n(a) be the second derivative of 3*a + 3/2*a**2 + 0 + 1/2*a**3. What is n(4)?
15
Let l(x) be the first derivative of x**4/4 - 3*x**2 + 6*x - 684. Calculate l(3).
15
Let t = 19 - 14. Let f(n) = 3*n**2 + 6 - n**3 - t*n + 9*n**2 + 3 - 7*n. Let m be f(11). Let b(k) = -2*k**2 - k + 1. Give b(m).
-5
Let z(c) = c - 3*c - 14*c. What is z(-1)?
16
Let g = 0 - -1. Let m(h) be the second derivative of -h**4/24 + h**3/3 + 25*h**2/2 - 45*h. Let d(x) be the first derivative of m(x). Determine d(g).
1
Let k(w) be the third derivative of w**5/15 - w**4/12 - 39*w**2 + 1. Determine k(2).
12
Let g(o) = 2*o**3 - 3*o**2 - 12*o + 8. Let m(p) = p**3 - 2*p**2 - 6*p + 4. Let n(v) = 2*g(v) - 5*m(v). Suppose -28 = -5*h - 3. Calculate n(h).
1
Let j = -699 - -694. Let z(c) = -3*c - 10. Let w(r) = 7*r + 20. Let y(v) = -2*w(v) - 5*z(v). What is y(j)?
5
Let r(q) = -7*q. Let p = -3 - -8. Suppose 0 = -p*g + 3*g + 4. Calculate r(g).
-14
Let u(m) = -m**2 - m. Let y(o) = -o**2 + o. Let p(v) = u(v) - 3*y(v). Let w(h) = -h**3 - 10*h**2 + 22*h - 20. Let n be w(-12). Calculate p(n).
16
Let c(l) = -8*l**3 - 6*l**2 - l + 8. Let h(d) = 10*d**3 + 5*d**2 + 2*d - 9. Let p(w) = -4*c(w) - 3*h(w). What is p(-5)?
-20
Let w(q) = q**3 + 4*q**2 - q - 5. Let c = -27 - -48. Let y be 1/((c/(-12))/7). Calculate w(y).
-1
Let i(m) = -m**2 + 8*m - 14. Let f(q) = -54*q + 272. Let j be f(5). Give i(j).
-2
Let b be 4*1 + (-3 - -3). Suppose -4*p = -2*v - 2, b = p + 1. Let m(c) = 3*c**2 - 6*c + 3*c**2 + 0*c**2 + 2 - v*c**2. Give m(3).
-7
Let i(m) = 3*m - 2*m - 23 + 27. Let z be (13 - 13)*1/(-2). Let p be 3 - 3 - z - 0. Determine i(p).
4
Let k(i) = 45*i - 1. Let o be (2 + -3)*4*(-2)/4. Let l(u) = 11*u. Let h(j) = o*k(j) - 9*l(j). Give h(2).
-20
Let x(i) be the third derivative of -i**5/30 + 7*i**4/8 - 3*i**3 - 13*i**2. What is x(10)?
-8
Let j(f) = 2*f**3 - 2*f**2 - f - 2. Let x be j(2). Let v(w) = -x - 2*w - w + 2*w. Suppose 2*a - 3*d - 5 = 2*d, 0 = 2*a + 3*d + 3. Determine v(a).
-4
Let i(p) = 2*p - 3. Let s(y) = -2*y. Let r(v) = -2*i(v) - 4*s(v). Calculate r(3).
18
Let y = 177 + -185. Let o(l) = 7*l**3 + 23*l**2 + 9*l - 11. Let f(c) = -3*c**3 - 11*c**2 - 5*c + 6. Let g(n) = -5*f(n) - 2*o(n). Calculate g(y).
0
Let c be (-2)/((-8 - -10)*(-3)/(-24)). Let i(p) = p**3 + 9*p**2 + 6*p + 2. Determine i(c).
18
Let p(q) = q**2 + 13*q - 30. Let y be p(-15). Let w(r) = r**2 - r - 10. Determine w(y).
-10
Let d(q) = q**2 - 3*q + 3. Let h be d(2). Let j(o) be the first derivative of 1 + 13/2*o**2 + 0*o. What is j(h)?
13
Let j = 58 - 63. Let b(w) = -4*w**3 + 9*w**2 - 4*w - 1. Let o(d) = -3*d**3 + 8*d**2 - 4*d - 1. Let y(f) = -4*b(f) + 5*o(f). Give y(j).
-6
Let v(r) = -r**2 + 2*r + 1. Let z(l) = 4*l + 5. Let x be (-2)/4 - (-15)/(-10). Let i be z(x). Let b(m) = -m - 1. Let a be b(i). Give v(a).
1
Let a(m) be the second derivative of m**7/168 - m**5/120 - 5*m**4/2 - 26*m. Let u(g) be the third derivative of a(g). Determine u(-1).
14
Let o(p) = p**3 + 8*p**2 + 6*p + 2. Let b = -20 + 13. Determine o(